{"id":1746,"date":"2024-03-07T09:07:12","date_gmt":"2024-03-07T09:07:12","guid":{"rendered":"https:\/\/juandelgadoserrano.com\/?page_id=1746"},"modified":"2024-03-07T12:11:56","modified_gmt":"2024-03-07T12:11:56","slug":"ad-petendam-pluviam","status":"publish","type":"page","link":"https:\/\/juandelgadoserrano.com\/index.php\/ad-petendam-pluviam\/","title":{"rendered":"Ad Petendam Pluviam"},"content":{"rendered":"\t\t<div data-elementor-type=\"wp-page\" data-elementor-id=\"1746\" class=\"elementor elementor-1746\">\n\t\t\t\t\t\t\t\t\t<section class=\"elementor-section elementor-top-section elementor-element elementor-element-289f598 elementor-section-boxed elementor-section-height-default elementor-section-height-default\" data-id=\"289f598\" data-element_type=\"section\">\n\t\t\t\t\t\t<div class=\"elementor-container elementor-column-gap-default\">\n\t\t\t\t\t<div class=\"elementor-column elementor-col-100 elementor-top-column elementor-element elementor-element-123b946\" data-id=\"123b946\" data-element_type=\"column\">\n\t\t\t<div class=\"elementor-widget-wrap elementor-element-populated\">\n\t\t\t\t\t\t\t\t<div class=\"elementor-element elementor-element-2dc2821a elementor-widget elementor-widget-text-editor\" data-id=\"2dc2821a\" data-element_type=\"widget\" data-widget_type=\"text-editor.default\">\n\t\t\t\t<div class=\"elementor-widget-container\">\n\t\t\t\t\t\t\t<!-- wp:themeisle-blocks\/advanced-columns {\"id\":\"wp-block-themeisle-blocks-advanced-columns-433365d8\"} -->\n<div class=\"wp-block-themeisle-blocks-advanced-columns has-undefined-columns has-desktop-undefined-layout has-tablet-equal-layout has-mobile-equal-layout has-default-gap has-vertical-unset\" id=\"wp-block-themeisle-blocks-advanced-columns-433365d8\"><div class=\"wp-block-themeisle-blocks-advanced-columns-overlay\"><\/div><div class=\"innerblocks-wrap\"><\/div><\/div>\n<!-- \/wp:themeisle-blocks\/advanced-columns -->\t\t\t\t\t\t<\/div>\n\t\t\t\t<\/div>\n\t\t\t\t\t<\/div>\n\t\t<\/div>\n\t\t\t\t\t\t\t<\/div>\n\t\t<\/section>\n\t\t\t\t<section class=\"elementor-section elementor-top-section elementor-element elementor-element-f231ec8 elementor-section-boxed elementor-section-height-default elementor-section-height-default\" data-id=\"f231ec8\" data-element_type=\"section\">\n\t\t\t\t\t\t<div class=\"elementor-container elementor-column-gap-default\">\n\t\t\t\t\t<div class=\"elementor-column elementor-col-100 elementor-top-column elementor-element elementor-element-3c1e9de\" data-id=\"3c1e9de\" data-element_type=\"column\">\n\t\t\t<div class=\"elementor-widget-wrap elementor-element-populated\">\n\t\t\t\t\t\t\t\t<div class=\"elementor-element elementor-element-9f6bbaa elementor-widget-divider--view-line elementor-widget elementor-widget-divider\" data-id=\"9f6bbaa\" data-element_type=\"widget\" data-widget_type=\"divider.default\">\n\t\t\t\t<div class=\"elementor-widget-container\">\n\t\t\t\t\t<div class=\"elementor-divider\">\n\t\t\t<span class=\"elementor-divider-separator\">\n\t\t\t\t\t\t<\/span>\n\t\t<\/div>\n\t\t\t\t<\/div>\n\t\t\t\t<\/div>\n\t\t\t\t<div class=\"elementor-element elementor-element-149a7f0 elementor-widget elementor-widget-heading\" data-id=\"149a7f0\" data-element_type=\"widget\" data-widget_type=\"heading.default\">\n\t\t\t\t<div class=\"elementor-widget-container\">\n\t\t\t<p class=\"elementor-heading-title elementor-size-default\">juan delgado serrano<\/p>\t\t<\/div>\n\t\t\t\t<\/div>\n\t\t\t\t<div class=\"elementor-element elementor-element-6be15a6 elementor-widget elementor-widget-heading\" data-id=\"6be15a6\" data-element_type=\"widget\" data-widget_type=\"heading.default\">\n\t\t\t\t<div class=\"elementor-widget-container\">\n\t\t\t<h2 class=\"elementor-heading-title elementor-size-default\">Ad Petendam Pluviam (2020)<\/h2>\t\t<\/div>\n\t\t\t\t<\/div>\n\t\t\t\t<div class=\"elementor-element elementor-element-83afc1b elementor-widget-divider--view-line elementor-widget elementor-widget-divider\" data-id=\"83afc1b\" data-element_type=\"widget\" data-widget_type=\"divider.default\">\n\t\t\t\t<div class=\"elementor-widget-container\">\n\t\t\t\t\t<div class=\"elementor-divider\">\n\t\t\t<span class=\"elementor-divider-separator\">\n\t\t\t\t\t\t<\/span>\n\t\t<\/div>\n\t\t\t\t<\/div>\n\t\t\t\t<\/div>\n\t\t\t\t\t<\/div>\n\t\t<\/div>\n\t\t\t\t\t\t\t<\/div>\n\t\t<\/section>\n\t\t\t\t<section class=\"elementor-section elementor-top-section elementor-element elementor-element-20a8980 elementor-section-boxed elementor-section-height-default elementor-section-height-default\" data-id=\"20a8980\" data-element_type=\"section\">\n\t\t\t\t\t\t<div class=\"elementor-container elementor-column-gap-default\">\n\t\t\t\t\t<div class=\"elementor-column elementor-col-100 elementor-top-column elementor-element elementor-element-95e1ff7\" data-id=\"95e1ff7\" data-element_type=\"column\">\n\t\t\t<div class=\"elementor-widget-wrap elementor-element-populated\">\n\t\t\t\t\t\t\t\t<section class=\"elementor-section elementor-inner-section elementor-element elementor-element-0487872 elementor-section-boxed elementor-section-height-default elementor-section-height-default\" data-id=\"0487872\" data-element_type=\"section\">\n\t\t\t\t\t\t<div class=\"elementor-container elementor-column-gap-default\">\n\t\t\t\t\t<div class=\"elementor-column elementor-col-50 elementor-inner-column elementor-element elementor-element-0866b0d\" data-id=\"0866b0d\" data-element_type=\"column\">\n\t\t\t<div class=\"elementor-widget-wrap elementor-element-populated\">\n\t\t\t\t\t\t\t\t<div class=\"elementor-element elementor-element-e9305dc elementor-widget elementor-widget-text-editor\" data-id=\"e9305dc\" data-element_type=\"widget\" data-widget_type=\"text-editor.default\">\n\t\t\t\t<div class=\"elementor-widget-container\">\n\t\t\t\t\t\t\t<p>Obra para ensemble de ocho instrumentistas con procesamiento electroac\u00fastico y espacializaci\u00f3n envolvente octof\u00f3nica en tiempo real, ganadora del Primer Premio (Premio Xavier Montsalvatge) del XXXI Premio J\u00f3venes Compositores Fundaci\u00f3n SGAE-CNDM 2020 y estrenada por OCAZEnigma (dir. Asier Puga) en el auditorio 400 del Museo Reina Sof\u00eda (Madrid). En ella se sumerge al oyente en el ritual de las rogativas campesinas cristianas en tiempos de sequ\u00eda, documentadas en mi investigaci\u00f3n etnomusicol\u00f3gica sobre pr\u00e1cticas y cantos propiciatorios en la provincia de Segovia publicada como <i>Agua te pedimos<\/i>.<\/p>\n<p><br \/><br \/><\/p>\t\t\t\t\t\t<\/div>\n\t\t\t\t<\/div>\n\t\t\t\t\t<\/div>\n\t\t<\/div>\n\t\t\t\t<div class=\"elementor-column elementor-col-50 elementor-inner-column elementor-element elementor-element-d4794ec\" data-id=\"d4794ec\" data-element_type=\"column\">\n\t\t\t<div class=\"elementor-widget-wrap elementor-element-populated\">\n\t\t\t\t\t\t\t\t<div class=\"elementor-element elementor-element-eb92f9c elementor-align-center elementor-widget elementor-widget-button\" data-id=\"eb92f9c\" data-element_type=\"widget\" data-widget_type=\"button.default\">\n\t\t\t\t<div class=\"elementor-widget-container\">\n\t\t\t\t\t<div class=\"elementor-button-wrapper\">\n\t\t\t<a class=\"elementor-button elementor-button-link elementor-size-sm\" href=\"http:\/\/juandelgadoserrano.com\/wp-content\/uploads\/2024\/03\/Ad-Petendam-Pluviam.pdf\">\n\t\t\t\t\t\t<span class=\"elementor-button-content-wrapper\">\n\t\t\t\t\t\t<span class=\"elementor-button-text\">Ver partitura<\/span>\n\t\t<\/span>\n\t\t\t\t\t<\/a>\n\t\t<\/div>\n\t\t\t\t<\/div>\n\t\t\t\t<\/div>\n\t\t\t\t<div class=\"elementor-element elementor-element-b2372b8 elementor-widget elementor-widget-image\" data-id=\"b2372b8\" data-element_type=\"widget\" data-widget_type=\"image.default\">\n\t\t\t\t<div class=\"elementor-widget-container\">\n\t\t\t\t\t\t\t\t\t\t\t\t\t\t\t<img width=\"785\" height=\"560\" src=\"https:\/\/juandelgadoserrano.com\/wp-content\/uploads\/2024\/03\/captura-adpetendampluviam.png\" class=\"attachment-large size-large wp-image-1752\" alt=\"\" loading=\"lazy\" srcset=\"https:\/\/juandelgadoserrano.com\/wp-content\/uploads\/2024\/03\/captura-adpetendampluviam.png 785w, https:\/\/juandelgadoserrano.com\/wp-content\/uploads\/2024\/03\/captura-adpetendampluviam-300x214.png 300w, https:\/\/juandelgadoserrano.com\/wp-content\/uploads\/2024\/03\/captura-adpetendampluviam-768x548.png 768w, https:\/\/juandelgadoserrano.com\/wp-content\/uploads\/2024\/03\/captura-adpetendampluviam-230x164.png 230w, https:\/\/juandelgadoserrano.com\/wp-content\/uploads\/2024\/03\/captura-adpetendampluviam-350x250.png 350w, https:\/\/juandelgadoserrano.com\/wp-content\/uploads\/2024\/03\/captura-adpetendampluviam-480x342.png 480w\" sizes=\"(max-width: 785px) 100vw, 785px\" \/>\t\t\t\t\t\t\t\t\t\t\t\t\t\t\t<\/div>\n\t\t\t\t<\/div>\n\t\t\t\t\t<\/div>\n\t\t<\/div>\n\t\t\t\t\t\t\t<\/div>\n\t\t<\/section>\n\t\t\t\t<section class=\"elementor-section elementor-inner-section elementor-element elementor-element-a89b174 elementor-section-boxed elementor-section-height-default elementor-section-height-default\" data-id=\"a89b174\" data-element_type=\"section\">\n\t\t\t\t\t\t<div class=\"elementor-container elementor-column-gap-default\">\n\t\t\t\t\t<div class=\"elementor-column elementor-col-50 elementor-inner-column elementor-element elementor-element-e35a06d\" data-id=\"e35a06d\" data-element_type=\"column\">\n\t\t\t<div class=\"elementor-widget-wrap elementor-element-populated\">\n\t\t\t\t\t\t\t\t<div class=\"elementor-element elementor-element-db8cbe9 elementor-widget elementor-widget-image\" data-id=\"db8cbe9\" data-element_type=\"widget\" data-widget_type=\"image.default\">\n\t\t\t\t<div class=\"elementor-widget-container\">\n\t\t\t\t\t\t\t\t\t\t\t\t\t\t\t<img width=\"1024\" height=\"724\" src=\"https:\/\/juandelgadoserrano.com\/wp-content\/uploads\/2022\/06\/Ad-Petendam-Dibujo-intro-web-baja-calidad-1024x724.jpg\" class=\"attachment-large size-large wp-image-1467\" alt=\"\" loading=\"lazy\" srcset=\"https:\/\/juandelgadoserrano.com\/wp-content\/uploads\/2022\/06\/Ad-Petendam-Dibujo-intro-web-baja-calidad-1024x724.jpg 1024w, https:\/\/juandelgadoserrano.com\/wp-content\/uploads\/2022\/06\/Ad-Petendam-Dibujo-intro-web-baja-calidad-300x212.jpg 300w, https:\/\/juandelgadoserrano.com\/wp-content\/uploads\/2022\/06\/Ad-Petendam-Dibujo-intro-web-baja-calidad-768x543.jpg 768w, https:\/\/juandelgadoserrano.com\/wp-content\/uploads\/2022\/06\/Ad-Petendam-Dibujo-intro-web-baja-calidad-1536x1086.jpg 1536w, https:\/\/juandelgadoserrano.com\/wp-content\/uploads\/2022\/06\/Ad-Petendam-Dibujo-intro-web-baja-calidad-2048x1448.jpg 2048w, https:\/\/juandelgadoserrano.com\/wp-content\/uploads\/2022\/06\/Ad-Petendam-Dibujo-intro-web-baja-calidad-920x651.jpg 920w, https:\/\/juandelgadoserrano.com\/wp-content\/uploads\/2022\/06\/Ad-Petendam-Dibujo-intro-web-baja-calidad-230x163.jpg 230w, https:\/\/juandelgadoserrano.com\/wp-content\/uploads\/2022\/06\/Ad-Petendam-Dibujo-intro-web-baja-calidad-350x247.jpg 350w, https:\/\/juandelgadoserrano.com\/wp-content\/uploads\/2022\/06\/Ad-Petendam-Dibujo-intro-web-baja-calidad-480x339.jpg 480w\" sizes=\"(max-width: 1024px) 100vw, 1024px\" \/>\t\t\t\t\t\t\t\t\t\t\t\t\t\t\t<\/div>\n\t\t\t\t<\/div>\n\t\t\t\t\t<\/div>\n\t\t<\/div>\n\t\t\t\t<div class=\"elementor-column elementor-col-50 elementor-inner-column elementor-element elementor-element-60fe680\" data-id=\"60fe680\" data-element_type=\"column\">\n\t\t\t<div class=\"elementor-widget-wrap elementor-element-populated\">\n\t\t\t\t\t\t\t\t<div class=\"elementor-element elementor-element-bd488fc elementor-widget elementor-widget-video\" data-id=\"bd488fc\" data-element_type=\"widget\" data-settings=\"{&quot;youtube_url&quot;:&quot;https:\\\/\\\/youtu.be\\\/A5VsK65zVJ0&quot;,&quot;video_type&quot;:&quot;youtube&quot;,&quot;controls&quot;:&quot;yes&quot;}\" data-widget_type=\"video.default\">\n\t\t\t\t<div class=\"elementor-widget-container\">\n\t\t\t\t\t<div class=\"elementor-wrapper elementor-open-inline\">\n\t\t\t<div class=\"elementor-video\"><\/div>\t\t<\/div>\n\t\t\t\t<\/div>\n\t\t\t\t<\/div>\n\t\t\t\t\t<\/div>\n\t\t<\/div>\n\t\t\t\t\t\t\t<\/div>\n\t\t<\/section>\n\t\t\t\t<div class=\"elementor-element elementor-element-d5c1a1e elementor-widget-divider--separator-type-pattern elementor-widget-divider--view-line elementor-widget elementor-widget-divider\" data-id=\"d5c1a1e\" data-element_type=\"widget\" data-widget_type=\"divider.default\">\n\t\t\t\t<div class=\"elementor-widget-container\">\n\t\t\t\t\t<div class=\"elementor-divider\" style=\"--divider-pattern-url: url(&quot;data:image\/svg+xml,%3Csvg xmlns=&#039;http:\/\/www.w3.org\/2000\/svg&#039; preserveAspectRatio=&#039;none&#039; overflow=&#039;visible&#039; height=&#039;100%&#039; viewBox=&#039;0 0 20 16&#039; fill=&#039;none&#039; stroke=&#039;black&#039; stroke-width=&#039;1&#039; stroke-linecap=&#039;square&#039; stroke-miterlimit=&#039;10&#039;%3E%3Cg transform=&#039;translate(-12.000000, 0)&#039;%3E%3Cpath d=&#039;M28,0L10,18&#039;\/%3E%3Cpath d=&#039;M18,0L0,18&#039;\/%3E%3Cpath d=&#039;M48,0L30,18&#039;\/%3E%3Cpath d=&#039;M38,0L20,18&#039;\/%3E%3C\/g%3E%3C\/svg%3E&quot;);\">\n\t\t\t<span class=\"elementor-divider-separator\">\n\t\t\t\t\t\t<\/span>\n\t\t<\/div>\n\t\t\t\t<\/div>\n\t\t\t\t<\/div>\n\t\t\t\t\t<\/div>\n\t\t<\/div>\n\t\t\t\t\t\t\t<\/div>\n\t\t<\/section>\n\t\t\t\t\t\t\t<\/div>\n\t\t","protected":false},"excerpt":{"rendered":"<p>juan delgado serrano Ad Petendam Pluviam (2020) Obra para ensemble de ocho [&hellip;]<\/p>\n","protected":false},"author":1,"featured_media":0,"parent":0,"menu_order":0,"comment_status":"closed","ping_status":"closed","template":"page-templates\/page_front-page.php","meta":[],"yoast_head":"<!-- This site is optimized with the Yoast SEO plugin v19.10 - https:\/\/yoast.com\/wordpress\/plugins\/seo\/ -->\n<title>Juan Delgado<\/title>\n<meta name=\"robots\" content=\"index, follow, max-snippet:-1, max-image-preview:large, max-video-preview:-1\" \/>\n<link rel=\"canonical\" href=\"https:\/\/juandelgadoserrano.com\/index.php\/ad-petendam-pluviam\/\" \/>\n<meta property=\"og:locale\" content=\"en_US\" \/>\n<meta property=\"og:type\" content=\"article\" \/>\n<meta property=\"og:title\" content=\"Juan Delgado\" \/>\n<meta property=\"og:description\" content=\"juan delgado serrano Ad Petendam Pluviam (2020) Obra para ensemble de ocho [&hellip;]\" \/>\n<meta property=\"og:url\" content=\"https:\/\/juandelgadoserrano.com\/index.php\/ad-petendam-pluviam\/\" \/>\n<meta property=\"og:site_name\" content=\"Juan Delgado\" \/>\n<meta property=\"article:modified_time\" content=\"2024-03-07T12:11:56+00:00\" \/>\n<meta property=\"og:image\" content=\"http:\/\/juandelgadoserrano.com\/wp-content\/uploads\/2024\/03\/captura-adpetendampluviam.png\" \/>\n<meta name=\"twitter:card\" content=\"summary_large_image\" \/>\n<meta name=\"twitter:label1\" content=\"Est. reading time\" \/>\n\t<meta name=\"twitter:data1\" content=\"1 minute\" \/>\n<script type=\"application\/ld+json\" class=\"yoast-schema-graph\">{\"@context\":\"https:\/\/schema.org\",\"@graph\":[{\"@type\":\"WebPage\",\"@id\":\"https:\/\/juandelgadoserrano.com\/index.php\/ad-petendam-pluviam\/\",\"url\":\"https:\/\/juandelgadoserrano.com\/index.php\/ad-petendam-pluviam\/\",\"name\":\"Juan Delgado\",\"isPartOf\":{\"@id\":\"https:\/\/juandelgadoserrano.com\/#website\"},\"datePublished\":\"2024-03-07T09:07:12+00:00\",\"dateModified\":\"2024-03-07T12:11:56+00:00\",\"inLanguage\":\"en-US\",\"potentialAction\":[{\"@type\":\"ReadAction\",\"target\":[\"https:\/\/juandelgadoserrano.com\/index.php\/ad-petendam-pluviam\/\"]}]},{\"@type\":\"WebSite\",\"@id\":\"https:\/\/juandelgadoserrano.com\/#website\",\"url\":\"https:\/\/juandelgadoserrano.com\/\",\"name\":\"Juan Delgado\",\"description\":\"Musician. Composer. Producer\",\"publisher\":{\"@id\":\"https:\/\/juandelgadoserrano.com\/#\/schema\/person\/0171da5800067ffb1b451e84f2eed04b\"},\"inLanguage\":\"en-US\"},{\"@type\":[\"Person\",\"Organization\"],\"@id\":\"https:\/\/juandelgadoserrano.com\/#\/schema\/person\/0171da5800067ffb1b451e84f2eed04b\",\"name\":\"admin\",\"image\":{\"@type\":\"ImageObject\",\"inLanguage\":\"en-US\",\"@id\":\"https:\/\/juandelgadoserrano.com\/#\/schema\/person\/image\/\",\"url\":\"http:\/\/juandelgadoserrano.com\/wp-content\/uploads\/2020\/07\/carreterasmuertasweb-120.jpg\",\"contentUrl\":\"http:\/\/juandelgadoserrano.com\/wp-content\/uploads\/2020\/07\/carreterasmuertasweb-120.jpg\",\"width\":960,\"height\":640,\"caption\":\"admin\"},\"logo\":{\"@id\":\"https:\/\/juandelgadoserrano.com\/#\/schema\/person\/image\/\"}}]}<\/script>\n<!-- \/ Yoast SEO plugin. -->","yoast_head_json":{"title":"Juan Delgado","robots":{"index":"index","follow":"follow","max-snippet":"max-snippet:-1","max-image-preview":"max-image-preview:large","max-video-preview":"max-video-preview:-1"},"canonical":"https:\/\/juandelgadoserrano.com\/index.php\/ad-petendam-pluviam\/","og_locale":"en_US","og_type":"article","og_title":"Juan Delgado","og_description":"juan delgado serrano Ad Petendam Pluviam (2020) Obra para ensemble de ocho [&hellip;]","og_url":"https:\/\/juandelgadoserrano.com\/index.php\/ad-petendam-pluviam\/","og_site_name":"Juan Delgado","article_modified_time":"2024-03-07T12:11:56+00:00","og_image":[{"url":"http:\/\/juandelgadoserrano.com\/wp-content\/uploads\/2024\/03\/captura-adpetendampluviam.png"}],"twitter_card":"summary_large_image","twitter_misc":{"Est. reading time":"1 minute"},"schema":{"@context":"https:\/\/schema.org","@graph":[{"@type":"WebPage","@id":"https:\/\/juandelgadoserrano.com\/index.php\/ad-petendam-pluviam\/","url":"https:\/\/juandelgadoserrano.com\/index.php\/ad-petendam-pluviam\/","name":"Juan Delgado","isPartOf":{"@id":"https:\/\/juandelgadoserrano.com\/#website"},"datePublished":"2024-03-07T09:07:12+00:00","dateModified":"2024-03-07T12:11:56+00:00","inLanguage":"en-US","potentialAction":[{"@type":"ReadAction","target":["https:\/\/juandelgadoserrano.com\/index.php\/ad-petendam-pluviam\/"]}]},{"@type":"WebSite","@id":"https:\/\/juandelgadoserrano.com\/#website","url":"https:\/\/juandelgadoserrano.com\/","name":"Juan Delgado","description":"Musician. Composer. Producer","publisher":{"@id":"https:\/\/juandelgadoserrano.com\/#\/schema\/person\/0171da5800067ffb1b451e84f2eed04b"},"inLanguage":"en-US"},{"@type":["Person","Organization"],"@id":"https:\/\/juandelgadoserrano.com\/#\/schema\/person\/0171da5800067ffb1b451e84f2eed04b","name":"admin","image":{"@type":"ImageObject","inLanguage":"en-US","@id":"https:\/\/juandelgadoserrano.com\/#\/schema\/person\/image\/","url":"http:\/\/juandelgadoserrano.com\/wp-content\/uploads\/2020\/07\/carreterasmuertasweb-120.jpg","contentUrl":"http:\/\/juandelgadoserrano.com\/wp-content\/uploads\/2020\/07\/carreterasmuertasweb-120.jpg","width":960,"height":640,"caption":"admin"},"logo":{"@id":"https:\/\/juandelgadoserrano.com\/#\/schema\/person\/image\/"}}]}},"_links":{"self":[{"href":"https:\/\/juandelgadoserrano.com\/index.php\/wp-json\/wp\/v2\/pages\/1746"}],"collection":[{"href":"https:\/\/juandelgadoserrano.com\/index.php\/wp-json\/wp\/v2\/pages"}],"about":[{"href":"https:\/\/juandelgadoserrano.com\/index.php\/wp-json\/wp\/v2\/types\/page"}],"author":[{"embeddable":true,"href":"https:\/\/juandelgadoserrano.com\/index.php\/wp-json\/wp\/v2\/users\/1"}],"replies":[{"embeddable":true,"href":"https:\/\/juandelgadoserrano.com\/index.php\/wp-json\/wp\/v2\/comments?post=1746"}],"version-history":[{"count":13,"href":"https:\/\/juandelgadoserrano.com\/index.php\/wp-json\/wp\/v2\/pages\/1746\/revisions"}],"predecessor-version":[{"id":1761,"href":"https:\/\/juandelgadoserrano.com\/index.php\/wp-json\/wp\/v2\/pages\/1746\/revisions\/1761"}],"wp:attachment":[{"href":"https:\/\/juandelgadoserrano.com\/index.php\/wp-json\/wp\/v2\/media?parent=1746"}],"curies":[{"name":"wp","href":"https:\/\/api.w.org\/{rel}","templated":true}]}}