{"id":1696,"date":"2024-03-06T08:59:18","date_gmt":"2024-03-06T08:59:18","guid":{"rendered":"https:\/\/juandelgadoserrano.com\/?page_id=1696"},"modified":"2024-03-11T19:00:20","modified_gmt":"2024-03-11T19:00:20","slug":"mlsi-chapter-1","status":"publish","type":"page","link":"https:\/\/juandelgadoserrano.com\/index.php\/mlsi-chapter-1\/","title":{"rendered":"MLSI Chapter 1"},"content":{"rendered":"\t\t<div data-elementor-type=\"wp-page\" data-elementor-id=\"1696\" class=\"elementor elementor-1696\">\n\t\t\t\t\t\t\t\t\t<section class=\"elementor-section elementor-top-section elementor-element elementor-element-289f598 elementor-section-boxed elementor-section-height-default elementor-section-height-default\" data-id=\"289f598\" data-element_type=\"section\">\n\t\t\t\t\t\t<div class=\"elementor-container elementor-column-gap-default\">\n\t\t\t\t\t<div class=\"elementor-column elementor-col-100 elementor-top-column elementor-element elementor-element-123b946\" data-id=\"123b946\" data-element_type=\"column\">\n\t\t\t<div class=\"elementor-widget-wrap elementor-element-populated\">\n\t\t\t\t\t\t\t\t<div class=\"elementor-element elementor-element-2dc2821a elementor-widget elementor-widget-text-editor\" data-id=\"2dc2821a\" data-element_type=\"widget\" data-widget_type=\"text-editor.default\">\n\t\t\t\t<div class=\"elementor-widget-container\">\n\t\t\t\t\t\t\t<!-- wp:themeisle-blocks\/advanced-columns {\"id\":\"wp-block-themeisle-blocks-advanced-columns-433365d8\"} -->\n<div class=\"wp-block-themeisle-blocks-advanced-columns has-undefined-columns has-desktop-undefined-layout has-tablet-equal-layout has-mobile-equal-layout has-default-gap has-vertical-unset\" id=\"wp-block-themeisle-blocks-advanced-columns-433365d8\"><div class=\"wp-block-themeisle-blocks-advanced-columns-overlay\"><\/div><div class=\"innerblocks-wrap\"><\/div><\/div>\n<!-- \/wp:themeisle-blocks\/advanced-columns -->\t\t\t\t\t\t<\/div>\n\t\t\t\t<\/div>\n\t\t\t\t\t<\/div>\n\t\t<\/div>\n\t\t\t\t\t\t\t<\/div>\n\t\t<\/section>\n\t\t\t\t<section class=\"elementor-section elementor-top-section elementor-element elementor-element-f231ec8 elementor-section-boxed elementor-section-height-default elementor-section-height-default\" data-id=\"f231ec8\" data-element_type=\"section\">\n\t\t\t\t\t\t<div class=\"elementor-container elementor-column-gap-default\">\n\t\t\t\t\t<div class=\"elementor-column elementor-col-100 elementor-top-column elementor-element elementor-element-3c1e9de\" data-id=\"3c1e9de\" data-element_type=\"column\">\n\t\t\t<div class=\"elementor-widget-wrap elementor-element-populated\">\n\t\t\t\t\t\t\t\t<div class=\"elementor-element elementor-element-9f6bbaa elementor-widget-divider--view-line elementor-widget elementor-widget-divider\" data-id=\"9f6bbaa\" data-element_type=\"widget\" data-widget_type=\"divider.default\">\n\t\t\t\t<div class=\"elementor-widget-container\">\n\t\t\t\t\t<div class=\"elementor-divider\">\n\t\t\t<span class=\"elementor-divider-separator\">\n\t\t\t\t\t\t<\/span>\n\t\t<\/div>\n\t\t\t\t<\/div>\n\t\t\t\t<\/div>\n\t\t\t\t<div class=\"elementor-element elementor-element-149a7f0 elementor-widget elementor-widget-heading\" data-id=\"149a7f0\" data-element_type=\"widget\" data-widget_type=\"heading.default\">\n\t\t\t\t<div class=\"elementor-widget-container\">\n\t\t\t<p class=\"elementor-heading-title elementor-size-default\">JUAN DELGADO SERRANO<\/p>\t\t<\/div>\n\t\t\t\t<\/div>\n\t\t\t\t<div class=\"elementor-element elementor-element-6be15a6 elementor-widget elementor-widget-heading\" data-id=\"6be15a6\" data-element_type=\"widget\" data-widget_type=\"heading.default\">\n\t\t\t\t<div class=\"elementor-widget-container\">\n\t\t\t<h2 class=\"elementor-heading-title elementor-size-default\">My Little Secret Island. <br><br>Chapter 1: Island Breaks the Silence (2023)<\/h2>\t\t<\/div>\n\t\t\t\t<\/div>\n\t\t\t\t<div class=\"elementor-element elementor-element-83afc1b elementor-widget-divider--view-line elementor-widget elementor-widget-divider\" data-id=\"83afc1b\" data-element_type=\"widget\" data-widget_type=\"divider.default\">\n\t\t\t\t<div class=\"elementor-widget-container\">\n\t\t\t\t\t<div class=\"elementor-divider\">\n\t\t\t<span class=\"elementor-divider-separator\">\n\t\t\t\t\t\t<\/span>\n\t\t<\/div>\n\t\t\t\t<\/div>\n\t\t\t\t<\/div>\n\t\t\t\t\t<\/div>\n\t\t<\/div>\n\t\t\t\t\t\t\t<\/div>\n\t\t<\/section>\n\t\t\t\t<section class=\"elementor-section elementor-top-section elementor-element elementor-element-e600b2b elementor-section-boxed elementor-section-height-default elementor-section-height-default\" data-id=\"e600b2b\" data-element_type=\"section\">\n\t\t\t\t\t\t<div class=\"elementor-container elementor-column-gap-default\">\n\t\t\t\t\t<div class=\"elementor-column elementor-col-100 elementor-top-column elementor-element elementor-element-e673d02\" data-id=\"e673d02\" data-element_type=\"column\">\n\t\t\t<div class=\"elementor-widget-wrap elementor-element-populated\">\n\t\t\t\t\t\t\t\t<section class=\"elementor-section elementor-inner-section elementor-element elementor-element-d6bdcb4 elementor-section-boxed elementor-section-height-default elementor-section-height-default\" data-id=\"d6bdcb4\" data-element_type=\"section\">\n\t\t\t\t\t\t<div class=\"elementor-container elementor-column-gap-default\">\n\t\t\t\t\t<div class=\"elementor-column elementor-col-50 elementor-inner-column elementor-element elementor-element-3ed2db6\" data-id=\"3ed2db6\" data-element_type=\"column\">\n\t\t\t<div class=\"elementor-widget-wrap elementor-element-populated\">\n\t\t\t\t\t\t\t\t<div class=\"elementor-element elementor-element-5e9aa72 elementor-widget elementor-widget-text-editor\" data-id=\"5e9aa72\" data-element_type=\"widget\" data-widget_type=\"text-editor.default\">\n\t\t\t\t<div class=\"elementor-widget-container\">\n\t\t\t\t\t\t\t<p><span style=\"font-weight: 400;\">Obra para performer sonoro con procesamiento electroac\u00fastico y espacializaci\u00f3n envolvente 7.1 en tiempo real, estrenada por Juan Delgado e Iv\u00e1n Ferrer-Orozco en la sala Berlanga (Madrid) en el Festival Internacional de M\u00fasica Contempor\u00e1nea de Madrid COMA\u201923. La obra pone al p\u00fablico en la piel de un n\u00e1ufrago que habita una misteriosa isla y no recuerda su pasado. La on\u00edrica atm\u00f3sfera genera dudas en torno a una posible lectura de la isla como espacio liminal entre realidad y ficci\u00f3n. Segundo cap\u00edtulo piloto de MLSI en que se exploran nuevos aspectos como la performance sonora o la escenograf\u00eda.<\/span><\/p>\t\t\t\t\t\t<\/div>\n\t\t\t\t<\/div>\n\t\t\t\t\t<\/div>\n\t\t<\/div>\n\t\t\t\t<div class=\"elementor-column elementor-col-50 elementor-inner-column elementor-element elementor-element-544da25\" data-id=\"544da25\" data-element_type=\"column\">\n\t\t\t<div class=\"elementor-widget-wrap elementor-element-populated\">\n\t\t\t\t\t\t\t\t<div class=\"elementor-element elementor-element-446e7ea elementor-align-center elementor-widget elementor-widget-button\" data-id=\"446e7ea\" data-element_type=\"widget\" data-widget_type=\"button.default\">\n\t\t\t\t<div class=\"elementor-widget-container\">\n\t\t\t\t\t<div class=\"elementor-button-wrapper\">\n\t\t\t<a class=\"elementor-button elementor-button-link elementor-size-sm\" href=\"http:\/\/juandelgadoserrano.com\/wp-content\/uploads\/2024\/03\/MLSIChapter1.pdf\">\n\t\t\t\t\t\t<span class=\"elementor-button-content-wrapper\">\n\t\t\t\t\t\t<span class=\"elementor-button-text\">Ver partitura<\/span>\n\t\t<\/span>\n\t\t\t\t\t<\/a>\n\t\t<\/div>\n\t\t\t\t<\/div>\n\t\t\t\t<\/div>\n\t\t\t\t<div class=\"elementor-element elementor-element-2430cd1 elementor-widget elementor-widget-image\" data-id=\"2430cd1\" data-element_type=\"widget\" data-widget_type=\"image.default\">\n\t\t\t\t<div class=\"elementor-widget-container\">\n\t\t\t\t\t\t\t\t\t\t\t\t\t\t\t<img width=\"1024\" height=\"698\" src=\"https:\/\/juandelgadoserrano.com\/wp-content\/uploads\/2024\/03\/captura-mlsichapter1-1024x698.png\" class=\"attachment-large size-large wp-image-1766\" alt=\"\" loading=\"lazy\" srcset=\"https:\/\/juandelgadoserrano.com\/wp-content\/uploads\/2024\/03\/captura-mlsichapter1-1024x698.png 1024w, https:\/\/juandelgadoserrano.com\/wp-content\/uploads\/2024\/03\/captura-mlsichapter1-300x204.png 300w, https:\/\/juandelgadoserrano.com\/wp-content\/uploads\/2024\/03\/captura-mlsichapter1-768x523.png 768w, https:\/\/juandelgadoserrano.com\/wp-content\/uploads\/2024\/03\/captura-mlsichapter1-920x627.png 920w, https:\/\/juandelgadoserrano.com\/wp-content\/uploads\/2024\/03\/captura-mlsichapter1-230x157.png 230w, https:\/\/juandelgadoserrano.com\/wp-content\/uploads\/2024\/03\/captura-mlsichapter1-350x238.png 350w, https:\/\/juandelgadoserrano.com\/wp-content\/uploads\/2024\/03\/captura-mlsichapter1-480x327.png 480w, https:\/\/juandelgadoserrano.com\/wp-content\/uploads\/2024\/03\/captura-mlsichapter1.png 1308w\" sizes=\"(max-width: 1024px) 100vw, 1024px\" \/>\t\t\t\t\t\t\t\t\t\t\t\t\t\t\t<\/div>\n\t\t\t\t<\/div>\n\t\t\t\t\t<\/div>\n\t\t<\/div>\n\t\t\t\t\t\t\t<\/div>\n\t\t<\/section>\n\t\t\t\t<section class=\"elementor-section elementor-inner-section elementor-element elementor-element-1464754 elementor-section-boxed elementor-section-height-default elementor-section-height-default\" data-id=\"1464754\" data-element_type=\"section\">\n\t\t\t\t\t\t<div class=\"elementor-container elementor-column-gap-default\">\n\t\t\t\t\t<div class=\"elementor-column elementor-col-50 elementor-inner-column elementor-element elementor-element-5e450ab\" data-id=\"5e450ab\" data-element_type=\"column\">\n\t\t\t<div class=\"elementor-widget-wrap elementor-element-populated\">\n\t\t\t\t\t\t\t\t<div class=\"elementor-element elementor-element-790387d elementor-widget elementor-widget-image\" data-id=\"790387d\" data-element_type=\"widget\" data-widget_type=\"image.default\">\n\t\t\t\t<div class=\"elementor-widget-container\">\n\t\t\t\t\t\t\t\t\t\t\t\t\t\t\t<img width=\"1024\" height=\"724\" src=\"https:\/\/juandelgadoserrano.com\/wp-content\/uploads\/2024\/01\/My-little-secret-Island_C1-para-web-1024x724.png\" class=\"attachment-large size-large wp-image-1650\" alt=\"\" loading=\"lazy\" srcset=\"https:\/\/juandelgadoserrano.com\/wp-content\/uploads\/2024\/01\/My-little-secret-Island_C1-para-web-1024x724.png 1024w, https:\/\/juandelgadoserrano.com\/wp-content\/uploads\/2024\/01\/My-little-secret-Island_C1-para-web-300x212.png 300w, https:\/\/juandelgadoserrano.com\/wp-content\/uploads\/2024\/01\/My-little-secret-Island_C1-para-web-768x543.png 768w, https:\/\/juandelgadoserrano.com\/wp-content\/uploads\/2024\/01\/My-little-secret-Island_C1-para-web-1536x1086.png 1536w, https:\/\/juandelgadoserrano.com\/wp-content\/uploads\/2024\/01\/My-little-secret-Island_C1-para-web-2048x1448.png 2048w, https:\/\/juandelgadoserrano.com\/wp-content\/uploads\/2024\/01\/My-little-secret-Island_C1-para-web-920x651.png 920w, https:\/\/juandelgadoserrano.com\/wp-content\/uploads\/2024\/01\/My-little-secret-Island_C1-para-web-230x163.png 230w, https:\/\/juandelgadoserrano.com\/wp-content\/uploads\/2024\/01\/My-little-secret-Island_C1-para-web-350x247.png 350w, https:\/\/juandelgadoserrano.com\/wp-content\/uploads\/2024\/01\/My-little-secret-Island_C1-para-web-480x339.png 480w\" sizes=\"(max-width: 1024px) 100vw, 1024px\" \/>\t\t\t\t\t\t\t\t\t\t\t\t\t\t\t<\/div>\n\t\t\t\t<\/div>\n\t\t\t\t\t<\/div>\n\t\t<\/div>\n\t\t\t\t<div class=\"elementor-column elementor-col-50 elementor-inner-column elementor-element elementor-element-5d81c1c\" data-id=\"5d81c1c\" data-element_type=\"column\">\n\t\t\t<div class=\"elementor-widget-wrap elementor-element-populated\">\n\t\t\t\t\t\t\t\t<div class=\"elementor-element elementor-element-6dada03 elementor-widget elementor-widget-video\" data-id=\"6dada03\" data-element_type=\"widget\" data-settings=\"{&quot;youtube_url&quot;:&quot;https:\\\/\\\/youtu.be\\\/Eq9usHRyPjk&quot;,&quot;video_type&quot;:&quot;youtube&quot;,&quot;controls&quot;:&quot;yes&quot;}\" data-widget_type=\"video.default\">\n\t\t\t\t<div class=\"elementor-widget-container\">\n\t\t\t\t\t<div class=\"elementor-wrapper elementor-open-inline\">\n\t\t\t<div class=\"elementor-video\"><\/div>\t\t<\/div>\n\t\t\t\t<\/div>\n\t\t\t\t<\/div>\n\t\t\t\t\t<\/div>\n\t\t<\/div>\n\t\t\t\t\t\t\t<\/div>\n\t\t<\/section>\n\t\t\t\t<div class=\"elementor-element elementor-element-874f25d elementor-widget-divider--separator-type-pattern elementor-widget-divider--view-line elementor-widget elementor-widget-divider\" data-id=\"874f25d\" data-element_type=\"widget\" data-widget_type=\"divider.default\">\n\t\t\t\t<div class=\"elementor-widget-container\">\n\t\t\t\t\t<div class=\"elementor-divider\" style=\"--divider-pattern-url: url(&quot;data:image\/svg+xml,%3Csvg xmlns=&#039;http:\/\/www.w3.org\/2000\/svg&#039; preserveAspectRatio=&#039;none&#039; overflow=&#039;visible&#039; height=&#039;100%&#039; viewBox=&#039;0 0 20 16&#039; fill=&#039;none&#039; stroke=&#039;black&#039; stroke-width=&#039;1&#039; stroke-linecap=&#039;square&#039; stroke-miterlimit=&#039;10&#039;%3E%3Cg transform=&#039;translate(-12.000000, 0)&#039;%3E%3Cpath d=&#039;M28,0L10,18&#039;\/%3E%3Cpath d=&#039;M18,0L0,18&#039;\/%3E%3Cpath d=&#039;M48,0L30,18&#039;\/%3E%3Cpath d=&#039;M38,0L20,18&#039;\/%3E%3C\/g%3E%3C\/svg%3E&quot;);\">\n\t\t\t<span class=\"elementor-divider-separator\">\n\t\t\t\t\t\t<\/span>\n\t\t<\/div>\n\t\t\t\t<\/div>\n\t\t\t\t<\/div>\n\t\t\t\t\t<\/div>\n\t\t<\/div>\n\t\t\t\t\t\t\t<\/div>\n\t\t<\/section>\n\t\t\t\t\t\t\t<\/div>\n\t\t","protected":false},"excerpt":{"rendered":"<p>JUAN DELGADO SERRANO My Little Secret Island. Chapter 1: Island Breaks the [&hellip;]<\/p>\n","protected":false},"author":1,"featured_media":0,"parent":0,"menu_order":0,"comment_status":"closed","ping_status":"closed","template":"page-templates\/page_front-page.php","meta":[],"yoast_head":"<!-- This site is optimized with the Yoast SEO plugin v19.10 - https:\/\/yoast.com\/wordpress\/plugins\/seo\/ -->\n<title>Juan Delgado<\/title>\n<meta name=\"robots\" content=\"index, follow, max-snippet:-1, max-image-preview:large, max-video-preview:-1\" \/>\n<link rel=\"canonical\" href=\"https:\/\/juandelgadoserrano.com\/index.php\/mlsi-chapter-1\/\" \/>\n<meta property=\"og:locale\" content=\"en_US\" \/>\n<meta property=\"og:type\" content=\"article\" \/>\n<meta property=\"og:title\" content=\"Juan Delgado\" \/>\n<meta property=\"og:description\" content=\"JUAN DELGADO SERRANO My Little Secret Island. Chapter 1: Island Breaks the [&hellip;]\" \/>\n<meta property=\"og:url\" content=\"https:\/\/juandelgadoserrano.com\/index.php\/mlsi-chapter-1\/\" \/>\n<meta property=\"og:site_name\" content=\"Juan Delgado\" \/>\n<meta property=\"article:modified_time\" content=\"2024-03-11T19:00:20+00:00\" \/>\n<meta property=\"og:image\" content=\"http:\/\/juandelgadoserrano.com\/wp-content\/uploads\/2024\/03\/captura-mlsichapter1-1024x698.png\" \/>\n<meta name=\"twitter:card\" content=\"summary_large_image\" \/>\n<meta name=\"twitter:label1\" content=\"Est. reading time\" \/>\n\t<meta name=\"twitter:data1\" content=\"1 minute\" \/>\n<script type=\"application\/ld+json\" class=\"yoast-schema-graph\">{\"@context\":\"https:\/\/schema.org\",\"@graph\":[{\"@type\":\"WebPage\",\"@id\":\"https:\/\/juandelgadoserrano.com\/index.php\/mlsi-chapter-1\/\",\"url\":\"https:\/\/juandelgadoserrano.com\/index.php\/mlsi-chapter-1\/\",\"name\":\"Juan Delgado\",\"isPartOf\":{\"@id\":\"https:\/\/juandelgadoserrano.com\/#website\"},\"datePublished\":\"2024-03-06T08:59:18+00:00\",\"dateModified\":\"2024-03-11T19:00:20+00:00\",\"inLanguage\":\"en-US\",\"potentialAction\":[{\"@type\":\"ReadAction\",\"target\":[\"https:\/\/juandelgadoserrano.com\/index.php\/mlsi-chapter-1\/\"]}]},{\"@type\":\"WebSite\",\"@id\":\"https:\/\/juandelgadoserrano.com\/#website\",\"url\":\"https:\/\/juandelgadoserrano.com\/\",\"name\":\"Juan Delgado\",\"description\":\"Musician. Composer. Producer\",\"publisher\":{\"@id\":\"https:\/\/juandelgadoserrano.com\/#\/schema\/person\/0171da5800067ffb1b451e84f2eed04b\"},\"inLanguage\":\"en-US\"},{\"@type\":[\"Person\",\"Organization\"],\"@id\":\"https:\/\/juandelgadoserrano.com\/#\/schema\/person\/0171da5800067ffb1b451e84f2eed04b\",\"name\":\"admin\",\"image\":{\"@type\":\"ImageObject\",\"inLanguage\":\"en-US\",\"@id\":\"https:\/\/juandelgadoserrano.com\/#\/schema\/person\/image\/\",\"url\":\"http:\/\/juandelgadoserrano.com\/wp-content\/uploads\/2020\/07\/carreterasmuertasweb-120.jpg\",\"contentUrl\":\"http:\/\/juandelgadoserrano.com\/wp-content\/uploads\/2020\/07\/carreterasmuertasweb-120.jpg\",\"width\":960,\"height\":640,\"caption\":\"admin\"},\"logo\":{\"@id\":\"https:\/\/juandelgadoserrano.com\/#\/schema\/person\/image\/\"}}]}<\/script>\n<!-- \/ Yoast SEO plugin. -->","yoast_head_json":{"title":"Juan Delgado","robots":{"index":"index","follow":"follow","max-snippet":"max-snippet:-1","max-image-preview":"max-image-preview:large","max-video-preview":"max-video-preview:-1"},"canonical":"https:\/\/juandelgadoserrano.com\/index.php\/mlsi-chapter-1\/","og_locale":"en_US","og_type":"article","og_title":"Juan Delgado","og_description":"JUAN DELGADO SERRANO My Little Secret Island. Chapter 1: Island Breaks the [&hellip;]","og_url":"https:\/\/juandelgadoserrano.com\/index.php\/mlsi-chapter-1\/","og_site_name":"Juan Delgado","article_modified_time":"2024-03-11T19:00:20+00:00","og_image":[{"url":"http:\/\/juandelgadoserrano.com\/wp-content\/uploads\/2024\/03\/captura-mlsichapter1-1024x698.png"}],"twitter_card":"summary_large_image","twitter_misc":{"Est. reading time":"1 minute"},"schema":{"@context":"https:\/\/schema.org","@graph":[{"@type":"WebPage","@id":"https:\/\/juandelgadoserrano.com\/index.php\/mlsi-chapter-1\/","url":"https:\/\/juandelgadoserrano.com\/index.php\/mlsi-chapter-1\/","name":"Juan Delgado","isPartOf":{"@id":"https:\/\/juandelgadoserrano.com\/#website"},"datePublished":"2024-03-06T08:59:18+00:00","dateModified":"2024-03-11T19:00:20+00:00","inLanguage":"en-US","potentialAction":[{"@type":"ReadAction","target":["https:\/\/juandelgadoserrano.com\/index.php\/mlsi-chapter-1\/"]}]},{"@type":"WebSite","@id":"https:\/\/juandelgadoserrano.com\/#website","url":"https:\/\/juandelgadoserrano.com\/","name":"Juan Delgado","description":"Musician. Composer. Producer","publisher":{"@id":"https:\/\/juandelgadoserrano.com\/#\/schema\/person\/0171da5800067ffb1b451e84f2eed04b"},"inLanguage":"en-US"},{"@type":["Person","Organization"],"@id":"https:\/\/juandelgadoserrano.com\/#\/schema\/person\/0171da5800067ffb1b451e84f2eed04b","name":"admin","image":{"@type":"ImageObject","inLanguage":"en-US","@id":"https:\/\/juandelgadoserrano.com\/#\/schema\/person\/image\/","url":"http:\/\/juandelgadoserrano.com\/wp-content\/uploads\/2020\/07\/carreterasmuertasweb-120.jpg","contentUrl":"http:\/\/juandelgadoserrano.com\/wp-content\/uploads\/2020\/07\/carreterasmuertasweb-120.jpg","width":960,"height":640,"caption":"admin"},"logo":{"@id":"https:\/\/juandelgadoserrano.com\/#\/schema\/person\/image\/"}}]}},"_links":{"self":[{"href":"https:\/\/juandelgadoserrano.com\/index.php\/wp-json\/wp\/v2\/pages\/1696"}],"collection":[{"href":"https:\/\/juandelgadoserrano.com\/index.php\/wp-json\/wp\/v2\/pages"}],"about":[{"href":"https:\/\/juandelgadoserrano.com\/index.php\/wp-json\/wp\/v2\/types\/page"}],"author":[{"embeddable":true,"href":"https:\/\/juandelgadoserrano.com\/index.php\/wp-json\/wp\/v2\/users\/1"}],"replies":[{"embeddable":true,"href":"https:\/\/juandelgadoserrano.com\/index.php\/wp-json\/wp\/v2\/comments?post=1696"}],"version-history":[{"count":10,"href":"https:\/\/juandelgadoserrano.com\/index.php\/wp-json\/wp\/v2\/pages\/1696\/revisions"}],"predecessor-version":[{"id":1770,"href":"https:\/\/juandelgadoserrano.com\/index.php\/wp-json\/wp\/v2\/pages\/1696\/revisions\/1770"}],"wp:attachment":[{"href":"https:\/\/juandelgadoserrano.com\/index.php\/wp-json\/wp\/v2\/media?parent=1696"}],"curies":[{"name":"wp","href":"https:\/\/api.w.org\/{rel}","templated":true}]}}